**2 + 5*y + 87/20*y**5 + 1/6*y**4 + 0*y**3 + 0. Is b(2) composite?
False
Suppose -2*r = -5*t + r + 24, -r = 5*t - 32. Let y be t*((-4)/(-6))/((-56)/126). Is ((-687)/y)/((-1)/(-21)) prime?
False
Let h = -27803 - -254494. Is h a composite number?
False
Let z be (-48)/9 - 28/42. Is 2856 + (3/(-9))/((-2)/z) a composite number?
True
Suppose 3*k + 2 = 44. Let m = k + -20. Is (1191/2)/(m/(-8)) prime?
False
Let r be (-48)/(-32)*16734/1. Is (-32)/(-208) + r/13 composite?
False
Suppose -18*y = -16*y - 24. Suppose -y*g + 32 = -148. Let i = g + 482. Is i prime?
False
Suppose -30*h - 387 = -21*h. Let i = h + 200. Is i composite?
False
Let r be ((-969)/(-6))/((-3)/(-54)). Suppose -4*c + 1789 = -r. Suppose -c = -3*s + 2657. Is s composite?
False
Suppose 0 = 2*h - 29 + 13. Suppose 4*a = -3*x + 1283 - 342, h = -2*a. Is x a composite number?
True
Suppose -3*f + 268931 = 2*l, -4*l + 98927 = 2*f - 80347. Is f a composite number?
True
Let x = 194 + -292. Let h = x - 488. Let b = 1493 + h. Is b a composite number?
False
Suppose 30485 + 221695 = 4*a - 4*x, -5*a - 2*x + 315211 = 0. Is a composite?
True
Is 30/(-45) - 493150/(-6) composite?
True
Suppose 4*y + 14982 = -2*y. Let l = 3946 - y. Suppose 4*a + 2*f - 8598 = 0, 2*a - 4*f - l = -a. Is a a composite number?
True
Suppose 4*i = -32, -5*q + 923988 + 1249351 = -3*i. Is q a composite number?
True
Let t(p) = 18*p + 681*p**2 + 1088*p**2 - 41 - p. Is t(3) a composite number?
True
Let t(q) = 784*q**3 + 3*q**2 - 19*q + 101. Let v be t(5). Suppose -31*o + 373578 = v. Is o a prime number?
True
Let z = -43912 - -664475. Is z a prime number?
False
Let g(p) = 97*p**3 - p**2 - 11*p + 1. Let a be g(5). Suppose -19*i = -0*i - a. Is i composite?
True
Suppose 10 = -5*t + 5*w, -21 = t - 3*t - 3*w. Suppose -728 = -2*o - 730. Is (0 - o)*(t*630 + -1) prime?
True
Let r = -27 - -30. Suppose -2 = q - r, 2*q - 892 = 5*s. Let h = 39 - s. Is h prime?
False
Is (403672/(-2))/(10 - ((-469)/(-21) + -11)) a prime number?
False
Suppose -967693 = -5*w - 3*d, -1006902 - 154356 = -6*w + 3*d. Is w a prime number?
True
Let m(o) = -o - 2. Let q be m(-4). Suppose -5*u - 5*p + 7635 = 0, -q*u + 3046 = -0*u + 4*p. Is u prime?
True
Let d = 244091 - 136840. Is d a prime number?
True
Let q(i) = -3*i**3 - 8*i**2 - 7*i + 18. Let x be q(-8). Suppose -11368 = -10*g - x. Is g composite?
True
Let v = 272221 + -102147. Suppose 8*p - 3*p + s - v = 0, -34012 = -p - 3*s. Is p prime?
False
Let r be (-8)/(-36) + ((-2009720)/(-36))/2. Suppose -14*z + 20835 = -r. Is z a prime number?
False
Suppose 2*g - 5*s = 12 + 156, 2*s = 4*g - 304. Let l = g + 39. Is l prime?
True
Let t(k) = k**3 - 7*k**2 + 5*k + 8. Let n be t(6). Suppose 3*l + 5*x = 112, 5*l - 178 = -n*x - 2*x. Is (l/(-10) - -3) + 16588/20 prime?
True
Suppose 2*n = 3*k + 61308, 6*k = -2*n + 2*k + 61280. Suppose -251*x = -239*x - n. Is x prime?
False
Suppose 21648525 = -1590*q + 1665*q. Is q a prime number?
True
Let z(a) = -2*a**3 + 36*a**2 + 46*a + 30. Let q be z(-25). Is (-3)/((-15)/q) - (-4 + -1) a composite number?
False
Suppose 19*v - 152670 = 12*v. Let k = v - 12997. Is k composite?
True
Let w(b) be the first derivative of -10 - 1/2*b**2 + 25/3*b**3 - 5*b. Is w(6) a composite number?
True
Suppose -5 - 6 = p. Let d(k) = -16*k + 15. Let i be d(p). Is 1/(1/i)*1 prime?
True
Is 408684/18*117/6 composite?
True
Let u be (-3)/(9/(-555)) + (0 - 2). Let c = u + -103. Suppose -c = -5*z + 5*n - 0*n, 0 = -z - 2*n + 13. Is z a prime number?
False
Suppose -4*h = -h - 12. Suppose -5*b - y = -1180, -5*y - 16 = -41. Suppose -4*d + 59 + b = p, 0 = h*p + 8. Is d composite?
True
Is ((-14)/49)/((28/11622310)/(1/(-5))) composite?
False
Is (-10)/(-1)*2/15*-3 + 36849 prime?
False
Let v(z) = -4*z - 9. Let r be v(-6). Suppose -4*m - 5 - r = -2*o, -4*m - o = 26. Is (-3885)/(-21) + 4/m*3 a prime number?
False
Suppose 0 = 6322*c - 6325*c + 2*s + 1808613, 2*s + 12 = 0. Is c a composite number?
False
Let g(a) = 14*a**3 - 6*a**2 - 6*a + 5. Let z be 1*(-1 + -1) - (-12 + 2). Let w(h) = -6*h + 54. Let b be w(z). Is g(b) a composite number?
False
Suppose -2137 + 8048 = 3*t + 2*i, 9869 = 5*t - i. Is t a prime number?
True
Suppose 0 = -3*u - 2*c + 140, -7 + 189 = 4*u - 2*c. Suppose -5*t - 10 = 0, -5*t - 1611 = -5*o + 874. Let s = o - u. Is s a prime number?
True
Let u(x) = x**2 - 24*x + 6779. Suppose -8 = 4*s - 4*o, 8 = -6*s + s + 4*o. Is u(s) a prime number?
True
Is (-2172432)/(-40) - ((-2)/10 - 0) a prime number?
True
Let b(j) = -j**3 + 6*j**2 + 2. Let x = 44 - 38. Let w be b(x). Suppose 7*r = 2*o + 2*r - 201, w*o = 2*r + 192. Is o a composite number?
True
Let s(m) = -12118*m - 669. Is s(-5) a prime number?
True
Suppose -5*o = -2*o + 4113. Let w = o - -2565. Suppose 20*f + w = 22*f. Is f a composite number?
True
Suppose 0 = -497*g + 483*g + 28550662. Is g composite?
True
Suppose 0*k + 3*k = 2*u + 265, 397 = -3*u + 5*k. Is -1*u/((-5 + 7)*1) a prime number?
True
Let f(q) = -2*q**3 - q**2 + 2*q + 10627. Suppose -10*w + 15*w - 15 = -3*n, 5*n - 2*w + 6 = 0. Is f(n) prime?
True
Let c = -1 - -5. Suppose 22*m - 20*m + 5770 = 2*k, 4*k + 8641 = -3*m. Let u = c - m. Is u a prime number?
True
Let q = 117 + -99. Suppose 4*d = -6 + q. Suppose 0 = d*c - c - 3386. Is c prime?
True
Suppose 8*b - 43 = -11. Suppose -b*f + 20639 = y, 15 = -4*y + y. Is f a composite number?
True
Is ((-288)/(-80))/18 + (-5)/(25/(-274764)) a composite number?
True
Suppose 2*i - 3*h = -2*i + 14, -4*h = 4*i. Let y(z) = 10*z + 7 - 12*z + 36*z**i + 8*z**2. Is y(-3) prime?
True
Let g = -152 + 163. Suppose g*x = 6*x + 48045. Is x a prime number?
False
Let d be -1*1*((-42)/7 - -8). Is d + 5956 + (-8 - 25/(-5)) a prime number?
False
Is ((-16185)/(-117))/((-60)/(-657108)) a composite number?
True
Suppose 0 = 693*j - 710*j + 6216373. Is j a prime number?
True
Suppose 3*u + 4*o = 46, -u + 3*o = o - 2. Suppose 9*j + 1623 = u*j. Is j prime?
False
Suppose -2*o = 3*j, 0 = -o + 3*j + 24 - 6. Let v(f) = o*f - 5*f**3 + 6*f**3 + 20*f**2 - 9 + 15*f. Is v(-16) composite?
True
Suppose -5*x + 11 = -6*x. Let t(u) = -u**3 - 12*u**2 - 9*u + 18. Let q be t(x). Is (-26595)/(-165) - q/(-22) a prime number?
False
Is (3140/50*20/16)/((-6)/(-3516)) a prime number?
False
Is (716342/44)/(-1*(2 - (-25)/(-10))) a composite number?
False
Let b(n) = 1185*n**2 - 31*n + 401. Is b(18) prime?
False
Let a(c) = 22694*c**2 - 66*c + 65. Is a(1) composite?
True
Let n be ((-231)/(-22) - 11)/(2/16). Is ((13314/n)/7)/(30/(-260)) a composite number?
True
Let l(s) = 6*s**2 - 14*s - 47. Suppose m + 6 = -4*c, 4*m + 5*c + 15 + 9 = 0. Is l(m) a prime number?
False
Let z(r) = 111*r - 2. Let n be z(3). Let k(v) = -98*v + 4 + 1 + n*v - 9. Is k(3) a composite number?
True
Let t(h) = h**2 + 15*h + 2. Let z be t(-15). Let b be 4414/(-14) + z/7 + 2. Let x = b - -1220. Is x a prime number?
True
Suppose 4*a - g - 11 = 0, -3*a - 4*g + 7 = -6*g. Suppose 3*k = f - 7505 + 735, -a*f = -k - 20334. Is f composite?
False
Suppose 2 = 2*d + 2*y - 16, 4*y + 6 = -d. Is 5 + (120908/d - 20/70) a prime number?
True
Suppose -2*r + 2*n = -486198, 5*r - 8*n - 1215459 = -12*n. Is r composite?
True
Suppose 2*n + 50 = 2*l, 2 = -l - 3. Let s = -23 - n. Suppose -8*w + s*w + 471 = 0. Is w a composite number?
True
Suppose -3*q + 4*s = -2, -4*q - 20 = -8*q + s. Suppose -9521 = -5*o - 4*t, 5*o - 9517 = 3*t - q*t. Is o a prime number?
True
Let r(p) = 44792*p + 1171. Is r(15) prime?
False
Let u(v) = 2*v**2 + 12*v - 29. Let r be u(-8). Suppose 0 = 3*q - 7*q. Suppose -r*b + 130 + 29 = q. Is b a composite number?
False
Suppose 2*z = -37749 + 402475 + 152808. Is z composite?
True
Suppose 15*v + 124931 = 5164397 + 1468869. Is v a composite number?
False
Let t be (-5 + 0 - -14) + -13. Suppose -j - 3 = -5. Is (2 - j) + 824 - (t + 7) a prime number?
True
Let f(k) = 2*k + 2. Let g be f(6). Let w be g*8/(-28)*75. Let n = w - -743. Is n prime?
True
Suppose -36*z + 38783752 = 20*z. Is z composite?
False
Suppose 117*s = 124*s - 14. Is s/(-5 - -3) + 3832 prime?
False
Suppose 42225344 + 52836437 = 653*q. Is q composite?
False
Let h(g) = 8*g**2 - 3. Let a be h(3). Let w = a + -65. Let d(t) = 207*t + 25. Is d(w) a composite number?
False
Suppose -16*i + 4621148 + 293742 = -953094. Is i composite?
True
Let c(t) = 3*t**2 - 4*t - 11. Let m be c(-7). Suppose -m = l + 4*r, -4*r + r - 871 = 5*l. Let